{"id":19,"date":"2019-01-13T14:24:59","date_gmt":"2019-01-13T14:24:59","guid":{"rendered":"http:\/\/schwalbennest-ferienzimmer.de\/?page_id=19"},"modified":"2019-01-17T10:51:40","modified_gmt":"2019-01-17T10:51:40","slug":"umgebung","status":"publish","type":"page","link":"https:\/\/schwalbennest-ferienzimmer.de\/?page_id=19","title":{"rendered":"Umgebung"},"content":{"rendered":"\n<p>Wenn man dem rheinnahen Deichverlauf folgt, gelangt man in das fr\u00fchere Fischer und Schiffer St\u00e4dtchen Grieth. Der ca. 800 Seelenort ist ein Stadtteil Kalkars und zeigt einen mittelalterlich, kleinst\u00e4dtischen Ortskern mit romantisch engen Gassen und einer malerischen Rheinpromenade. Empfehlenswert ist eine Stadtf\u00fchrung mit Besichtigung des winzigen Heimatmuseums am Markt. Mit den Schwerpunkten Ortsgeschichte und Volkskunde.  <\/p>\n\n\n\n<p>Natouren<\/p>\n\n\n\n<p>Radwandern<\/p>\n\n\n\n<p>Radf\u00e4hre <a href=\"http:\/\/www.niederrheinfaehre.de\/\" target=\"_blank\" rel=\"noreferrer noopener\" aria-label=\" (\u00f6ffnet in neuem Tab)\">http:\/\/www.niederrheinfaehre.de\/<\/a><\/p>\n\n\n\n<p>Offene Gartenpforte   <a href=\"https:\/\/www.gaerten-kleverland.de\/\" target=\"_blank\" rel=\"noreferrer noopener\" aria-label=\"https:\/\/www.gaerten-kleverland.de\/ (\u00f6ffnet in neuem Tab)\">https:\/\/www.gaerten-kleverland.de\/<\/a><\/p>\n\n\n\n<p>Strandbad Wisseler See<\/p>\n\n\n\n<p>Kalkar Stadt<\/p>\n\n\n\n<p>Kunsthaus DAVIDU<\/p>\n\n\n\n<p>Museum Schlo\u00df Moyland<\/p>\n\n\n\n<p>Grenzland Draisine<\/p>\n\n\n\n<p>Biotopwildpark Anholter Schweiz<\/p>\n","protected":false},"excerpt":{"rendered":"<p>Wenn man dem rheinnahen Deichverlauf folgt, gelangt man in das fr\u00fchere Fischer und Schiffer St\u00e4dtchen Grieth. Der ca. 800 Seelenort ist ein Stadtteil Kalkars und zeigt einen mittelalterlich, kleinst\u00e4dtischen Ortskern mit romantisch engen Gassen und einer malerischen Rheinpromenade. Empfehlenswert ist eine Stadtf\u00fchrung mit Besichtigung des winzigen Heimatmuseums am Markt. Mit den Schwerpunkten Ortsgeschichte und Volkskunde. &hellip; <\/p>\n<p class=\"link-more\"><a href=\"https:\/\/schwalbennest-ferienzimmer.de\/?page_id=19\" class=\"more-link\"><span class=\"screen-reader-text\">\u201eUmgebung\u201c<\/span> weiterlesen<\/a><\/p>\n","protected":false},"author":1,"featured_media":0,"parent":0,"menu_order":0,"comment_status":"closed","ping_status":"closed","template":"","meta":[],"_links":{"self":[{"href":"https:\/\/schwalbennest-ferienzimmer.de\/index.php?rest_route=\/wp\/v2\/pages\/19"}],"collection":[{"href":"https:\/\/schwalbennest-ferienzimmer.de\/index.php?rest_route=\/wp\/v2\/pages"}],"about":[{"href":"https:\/\/schwalbennest-ferienzimmer.de\/index.php?rest_route=\/wp\/v2\/types\/page"}],"author":[{"embeddable":true,"href":"https:\/\/schwalbennest-ferienzimmer.de\/index.php?rest_route=\/wp\/v2\/users\/1"}],"replies":[{"embeddable":true,"href":"https:\/\/schwalbennest-ferienzimmer.de\/index.php?rest_route=%2Fwp%2Fv2%2Fcomments&post=19"}],"version-history":[{"count":4,"href":"https:\/\/schwalbennest-ferienzimmer.de\/index.php?rest_route=\/wp\/v2\/pages\/19\/revisions"}],"predecessor-version":[{"id":150,"href":"https:\/\/schwalbennest-ferienzimmer.de\/index.php?rest_route=\/wp\/v2\/pages\/19\/revisions\/150"}],"wp:attachment":[{"href":"https:\/\/schwalbennest-ferienzimmer.de\/index.php?rest_route=%2Fwp%2Fv2%2Fmedia&parent=19"}],"curies":[{"name":"wp","href":"https:\/\/api.w.org\/{rel}","templated":true}]}}